 = y. Let w(l) = -l + 4. Let r(a) = -a. Let u(s) = i*r(s) - w(s). What is u(-5)?
11
Let x(j) be the third derivative of 0*j - 3/2*j**3 + 0 + 1/360*j**6 - 8*j**2 - 1/6*j**4 - 1/120*j**5. Let o(m) be the first derivative of x(m). What is o(3)?
2
Let c = -73 - -76. Suppose 29 = -3*u - 5*w, -11 = 2*u + c*w + 7. Let f(j) = -3*j - 2. Determine f(u).
7
Suppose 37 - 37 = -3*w. Let p(g) = -g**2 - 3*g + 13. Give p(w).
13
Let l be (4/6)/((-1)/(-3)). Suppose 2*r = 2*b + b + 23, -22 = -3*r + l*b. Suppose 5*a - 6 = r. Let u(g) = -g**3 + g**2 - 2*g - 1. Give u(a).
-9
Let l(t) = t**2 + 6*t - 3. Let q be l(-7). Suppose 0 = -r - q*r. Let p(s) = 23 + r*s**2 - 6*s - 17 + s**2. Give p(4).
-2
Let l(j) = -j**2 + 3*j - 5 + 8*j - 2*j. Let o be 11 + (-7 - -6)*(4 + -1). Calculate l(o).
3
Let d(l) = l**2 + 13*l + 22. Suppose 4*x = 4*z + x + 31, 0 = -4*z - 2*x - 26. Give d(z).
-20
Let d(t) = t**3 + 8*t**2 + 2*t + 12. Suppose 2*m = -13 - 3. What is d(m)?
-4
Suppose x = -n + 19, 3*n - 49 = -0*x - x. Suppose n = -4*s + 11. Let i(k) = 9*k + 1. Determine i(s).
-8
Suppose 10*z - 6 = -46. Let w(o) = -o**3 + 10*o**2 + 5. Let i be w(10). Let h(q) = -q - q + i + 4*q. What is h(z)?
-3
Let s(r) be the third derivative of 1/60*r**5 - 4/3*r**3 + 0 - 7/24*r**4 + 0*r + 3*r**2. Suppose 15*m = -6*m + 126. Determine s(m).
-14
Let y(v) = 11*v. Let x(o) = -o**3 - 18*o**2 + 18*o - 18. Let j be x(-19). What is y(j)?
11
Suppose -3*n = -2*z - 29, -n - 4*z = -9*z + 12. Let m(f) = -f**3 + 14*f**2 - 16*f + 43. Calculate m(n).
4
Let h = -12 + 16. Suppose -2*b - h*y = 22, -2*b + 1 - 5 = -2*y. Let p(c) = c + 7. What is p(b)?
2
Let g(i) = -11*i**3 - 10*i**2 + 5*i + 1. Let t(v) = -26*v**3 - 20*v**2 + 9*v. Let q(r) = 7*g(r) - 3*t(r). Let z = -9 + 18. What is q(z)?
-2
Let i = -740 - -743. Let c(x) = -x**2 + 3*x + 6. What is c(i)?
6
Let h(u) = -u**3 + 5*u**2 - 2*u - 4. Let f = 30 - 25. Suppose f*b - 21 = 3*p, -3*b - p - p = -5. Give h(b).
8
Suppose -14*n + 5 = 5*b - 19*n, -3*n + 12 = 0. Let j(a) = 5*a - 8. Let q(o) = -6*o + 9. Let t(x) = -7*j(x) - 6*q(x). What is t(b)?
7
Let h(c) = c - 2. Let g(n) be the third derivative of n**4/24 - n**3/2 + 9*n**2. Let y(o) = 3*g(o) - 4*h(o). Determine y(-8).
7
Suppose -3*w = 2*m - 5, 3*w - m + 3 + 4 = 0. Let f be w + (-2 - 4) + 2. Let l(a) be the second derivative of -a**3/6 - 4*a. Give l(f).
5
Let r(j) be the second derivative of -1/24*j**4 - 1/30*j**5 - 1/2*j**2 + 1/60*j**6 + 0 - j + 1/3*j**3. Let p(q) be the first derivative of r(q). Determine p(2).
8
Let p = -148 - -151. Let u(h) = -2 + 6*h - 2*h + p - 6*h. What is u(-6)?
13
Let f(h) = 23*h - 11. Let y(a) = 11*a - 5. Let t(w) = 2*f(w) - 5*y(w). What is t(-2)?
21
Suppose 4*y = 2*f + 10, f + 12*y - 10*y - 11 = 0. Let r(j) = -2*j**3 + 3*j**2 - 3*j - 2. Calculate r(f).
-38
Let a be 20/((-1)/(-1) + 1). Let u(h) = -1 - 3*h**3 + h**2 + 4*h**3 - a*h**2 - 2 + 8*h. Determine u(8).
-3
Let f(c) be the third derivative of -c**6/360 - c**4/12 + 4*c**3/3 - 9*c**2. Let a(g) be the first derivative of f(g). What is a(2)?
-6
Let c(g) = g**2 - 2*g - 3. Suppose 2*x = -56 + 8. Let j = x + 27. Determine c(j).
0
Let w = -31 + 47. Let t be 231/49 + 4/14. Let f(v) = -6*v - 3 + w*v + t - 11*v. Calculate f(4).
-2
Let g(p) be the first derivative of 5*p - 12 - 1/2*p**2. Determine g(-4).
9
Suppose 2*j - 312 = -6*j. Suppose j*l - 36*l = 12. Let o(v) = -v + 2. What is o(l)?
-2
Let f be 162/(-21) - (-4)/(-14). Let j = 11 + -8. Let b(q) = 3*q**3 + 8*q**2 - q - 11 - 8*q**j + 6*q**3. Determine b(f).
-3
Let p(c) = 293*c - c**3 - 1 + 3 + 5*c**2 - 4 - 286*c. Determine p(6).
4
Let z = -29 - -19. Let o be (z/4)/(((-9)/(-2))/9). Let j(v) = 2*v**2 + 6*v - 3. Calculate j(o).
17
Let o(x) = -x + 1. Suppose 6 = 9*f - 6*f. Suppose -3*k - k + f*g = -14, 0 = -5*k - g. Determine o(k).
0
Let x(j) = 2*j**2 + 107*j + 262. Let c be x(-51). Let k(f) be the first derivative of f**3/3 - 3*f**2 - 3*f - 1. Give k(c).
4
Let o be 2*(-2)/(-3 + 1). Suppose -o*n = -4*y - n, 0 = 4*n. Let b(k) = 3*k + 10 - 4*k + y*k. Determine b(0).
10
Let q(z) = -z - 1. Let u be q(-6). Suppose -5*h - 1 = -26. Let m(r) = -9 + 0 + h + 2*r. Determine m(u).
6
Let x(t) = -t**2 + 20*t + 17. Suppose -4*w + 3 = u - 6, -2*u + 3*w = -51. Give x(u).
-4
Let a(q) = -2*q + 3*q - 2908 + 2900. Calculate a(7).
-1
Let s be (-16)/(-5) + 3/(-15). Let g(i) = 1 + 0*i**2 - 2 + s + i**2 + 5*i. Give g(-3).
-4
Suppose -k - 2*v = 5, 5*k + 0*v + 3*v = -4. Let u(i) = 9*i + 2. Let d be 140/(-44) - (-2)/11. Let m(c) = 4*c + 1. Let h(f) = d*u(f) + 5*m(f). Calculate h(k).
-8
Suppose 0 = 2*z + 5*q - 37, 29 = 5*z + 3*q - 16. Let t = 8 - z. Let x(v) = -2*v**3 + 2*v**2 + 3*v - 3. What is x(t)?
-5
Let d(n) = 14*n**3 - 31*n**2 + 14*n - 38. Let c(g) = 5*g**3 - 10*g**2 + 5*g - 13. Let b(f) = 11*c(f) - 4*d(f). Determine b(14).
-5
Let w = 152 + -147. Let o(u) = u**3 - 6*u**2 + 7*u - 4. What is o(w)?
6
Let q(c) = -8*c - 8. Let h(f) = -f - 3. Let g(o) = -3*h(o) + q(o). Give g(-4).
21
Let x(k) = -7*k**3 - 28*k**2 + 28*k - 33. Let l(p) = -4*p**3 - 14*p**2 + 14*p - 16. Let t(j) = 5*l(j) - 3*x(j). What is t(-15)?
4
Let l(g) = -2*g**2 + g - 2. Let o be l(2). Let i(m) = -157*m**2 + 3*m + m**3 + 2*m - 9 + 166*m**2. What is i(o)?
15
Suppose 4*d - 32 = -0. Let n(r) = 6*r**2 - 3*r**2 - 2*r**2 - d - 2*r**2 + r**3. Let j(l) = -l**3 + 2*l**2 + 3*l - 4. Let z be j(1). Determine n(z).
-8
Let q be (-2)/(0 - 6/39). Let j(w) = 4*w**2 - q*w + 8*w - w**3 - 5 + 5*w. Give j(4).
-5
Suppose -5*z = -z. Suppose z = 5*x - 2*n - 8, -1 = 3*x + 3*n - 10. Let b(f) = -4*f**3 - x*f + 4*f**3 - f**3 + 6*f. Calculate b(-3).
15
Suppose 13 = a - y, -4*a - 16*y = -11*y - 7. Let i(n) = n**3 - 8*n**2 + 6*n - 10. Calculate i(a).
38
Let j(g) = -g**2 + 14*g - 12. Let k be ((-198)/36)/(1/(-2)). Determine j(k).
21
Let b(g) = 2*g + 4*g - 42 + 47 + g + g**3 + 7*g**2. Give b(-6).
-1
Let x(k) = -k**2 + 2*k - 6. Let y(r) = 2*r**2 - 4*r + 13. Let q(i) = 7*x(i) + 3*y(i). Let f be q(2). Let t(m) = -m**3 - 5*m**2 - 2*m - 1. Calculate t(f).
-13
Let s(v) = -3*v + 9. Let l(f) = -2*f + 8. Let h(g) = -7*l(g) + 6*s(g). Let n(j) = -j**3 - 5*j**2 - 3*j - 1. Let w be n(-4). Calculate h(w).
18
Let s = -26 + 5. Let r(z) = -2*z - 48. Let f be r(s). Let n(j) be the first derivative of -j**2 + 5*j + 1. Determine n(f).
17
Let x = -17 + 20. Let l = 13 + -11. Let q(a) = x + l + 6 - 6 + a. Determine q(0).
5
Suppose 4*t - 2*w = 3*t - 6, -w = 4*t - 3. Suppose -5*z + 7 - 32 = t. Let y(x) = -x**2 - 5*x + 3. What is y(z)?
3
Let a(f) = -2*f + 2. Let y = -27 + 44. Let t = 24 - 36. Let g = y + t. What is a(g)?
-8
Let w be (-2)/(-11) + 27/33. Let g be (-2 + w)*36/6. Let o(h) = 1. Let d(y) = -y + 2. Let m(j) = -d(j) - 3*o(j). Calculate m(g).
-11
Let q(l) = -2*l + 24. Let d be ((-2)/5)/(14/(-350)) + 2. Determine q(d).
0
Let g(i) = 3 + 6*i - 4*i - 3*i. Let v(m) = -m - 3. Let x be v(-5). Suppose 2*n - 9 = -x*s + 3*n, 5*n = -15. Determine g(s).
0
Let p(a) = -21 - 7 - 6 + 9 + 6*a. Calculate p(4).
-1
Suppose 3*g = 2*o - 5 - 9, -2*g + 2*o - 8 = 0. Let j(c) = c**3 + 5*c**2 - 6*c + 3. Give j(g).
3
Suppose l - 8 = d, 4*l - 6*l + 22 = d. Let j(a) = a**3 - 10*a**2 - 2*a + 13. Determine j(l).
-7
Let z(k) = -2*k**2 + 27*k - 12. Let f(p) = p**3 + 4*p + 13. Let u be f(0). What is z(u)?
1
Let u(i) = -6*i + 1. Let t = 272 + -273. Give u(t).
7
Let v(j) = -j**2 + 5*j - 6. Let w be v(3). Let h(y) = -y - 5. What is h(w)?
-5
Let z = 8 - 5. Suppose -z*o - 22 = -7. Let k(n) = n**3 - 2 - 7*n + n**2 + 3*n**2 - 3. What is k(o)?
5
Let r(t) = t + 3. Let z(c) be the first derivative of c - 1. Let b = -10 - -14. Let h(m) = b*r(m) - 9*z(m). Give h(-2).
-5
Let a(s) = -s**2 + 4*s - 6. Let p be (4/10)/(2/(-20)). Let m(b) = -b**2 - 4*b + 3. Let k be m(p). Let v be -1 - k*(-15)/9. Determine a(v).
-6
Suppose 44 = -4*h + 56. Let l(w) = 9*w + 1. Give l(h).
28
Let x(o) = -5*o**2 + 16*o - 29. Let y(k) = 3*k**2 - 10*k + 19. Let p(l) = 5*x(l) + 8*y(l). Give p(0).
7
Let k(m) = -m. Let o = -146 - -87. Let q = 53 + o. Calculate k(q).
6
Let c = 7 - 0. Let b(m) = -m**2 + m. Let o(z) = -z**2 + 2*z + 1. Let d(a) = c*o(a) - 6*b(a). What is d(8)?
7
Let j = 15 + -8. Let w(g) = 2 - j*g + 0*g**2 - 5*g**2 + 6*g**2. Calculate w(6).
-4
Let p = -117 - -101. Let g = p + 18. Let f(v) = -20*v + 12. Let t(a) = -8*a + 5. Let c(r) = -5*f(r) + 12*t(r). What is c(g)?
8
Let x = 474 + -4